{"id":72,"date":"2020-09-16T17:18:12","date_gmt":"2020-09-16T17:18:12","guid":{"rendered":"http:\/\/uccbarcelosnorte.online\/?page_id=72"},"modified":"2020-09-19T21:58:36","modified_gmt":"2020-09-19T21:58:36","slug":"servicos","status":"publish","type":"page","link":"https:\/\/uccbarcelosnorte.online\/index.php\/servicos\/","title":{"rendered":"Servi\u00e7os"},"content":{"rendered":"\n<p class=\"has-text-align-center\"><strong>Equipa de Sa\u00fade Escolar<\/strong><\/p>\n\n\n\n<figure class=\"wp-block-embed-youtube wp-block-embed is-type-video is-provider-youtube wp-embed-aspect-16-9 wp-has-aspect-ratio\"><div class=\"wp-block-embed__wrapper\">\n<iframe loading=\"lazy\" title=\"Apresenta\u00e7\u00e3o da Equipa de Sa\u00fade Escolar da UCC Barcelos Norte\" width=\"580\" height=\"326\" src=\"https:\/\/www.youtube.com\/embed\/ScqpxeiO0q8?feature=oembed\" frameborder=\"0\" allow=\"accelerometer; autoplay; clipboard-write; encrypted-media; gyroscope; picture-in-picture; web-share\" referrerpolicy=\"strict-origin-when-cross-origin\" allowfullscreen><\/iframe>\n<\/div><\/figure>\n\n\n\n<p><\/p>\n\n\n\n<p class=\"has-text-align-center\"><strong>Programas de Sa\u00fade Materna<\/strong><\/p>\n\n\n\n<figure class=\"wp-block-embed-youtube aligncenter wp-block-embed is-type-video is-provider-youtube wp-embed-aspect-16-9 wp-has-aspect-ratio\"><div class=\"wp-block-embed__wrapper\">\n<iframe loading=\"lazy\" title=\"Programas da Sa\u00fade Materna na UCC Barcelos Norte\" width=\"580\" height=\"326\" src=\"https:\/\/www.youtube.com\/embed\/k2Fi8rR0U5w?feature=oembed\" frameborder=\"0\" allow=\"accelerometer; autoplay; clipboard-write; encrypted-media; gyroscope; picture-in-picture; web-share\" referrerpolicy=\"strict-origin-when-cross-origin\" allowfullscreen><\/iframe>\n<\/div><\/figure>\n\n\n\n<p><\/p>\n\n\n\n<p class=\"has-text-align-center\"><strong>Equipa de Cuidados Continuados Integrados<\/strong><\/p>\n\n\n\n<figure class=\"wp-block-embed-youtube wp-block-embed is-type-video is-provider-youtube wp-embed-aspect-16-9 wp-has-aspect-ratio\"><div class=\"wp-block-embed__wrapper\">\n<iframe loading=\"lazy\" title=\"Apresenta\u00e7\u00e3o da ECCI Barcelos\" width=\"580\" height=\"326\" src=\"https:\/\/www.youtube.com\/embed\/ewQZwuNS6hk?feature=oembed\" frameborder=\"0\" allow=\"accelerometer; autoplay; clipboard-write; encrypted-media; gyroscope; picture-in-picture; web-share\" referrerpolicy=\"strict-origin-when-cross-origin\" allowfullscreen><\/iframe>\n<\/div><\/figure>\n\n\n\n<p><\/p>\n\n\n\n<p><strong>Outros projetos\/atividades em que participamos:<\/strong><\/p>\n\n\n\n<ul class=\"wp-block-list\"><li>E.P.V.A.<\/li><li>Interven\u00e7\u00e3o Precoce<\/li><li>NACJR<\/li><li>&#8230;<\/li><\/ul>\n\n\n\n<p><\/p>\n","protected":false},"excerpt":{"rendered":"<p>Equipa de Sa\u00fade Escolar Programas de Sa\u00fade Materna Equipa de Cuidados Continuados Integrados Outros projetos\/atividades em que participamos: E.P.V.A. Interven\u00e7\u00e3o Precoce NACJR &#8230;<\/p>\n","protected":false},"author":3,"featured_media":0,"parent":0,"menu_order":0,"comment_status":"closed","ping_status":"closed","template":"","meta":{"footnotes":""},"class_list":["post-72","page","type-page","status-publish","hentry"],"_links":{"self":[{"href":"https:\/\/uccbarcelosnorte.online\/index.php\/wp-json\/wp\/v2\/pages\/72","targetHints":{"allow":["GET"]}}],"collection":[{"href":"https:\/\/uccbarcelosnorte.online\/index.php\/wp-json\/wp\/v2\/pages"}],"about":[{"href":"https:\/\/uccbarcelosnorte.online\/index.php\/wp-json\/wp\/v2\/types\/page"}],"author":[{"embeddable":true,"href":"https:\/\/uccbarcelosnorte.online\/index.php\/wp-json\/wp\/v2\/users\/3"}],"replies":[{"embeddable":true,"href":"https:\/\/uccbarcelosnorte.online\/index.php\/wp-json\/wp\/v2\/comments?post=72"}],"version-history":[{"count":2,"href":"https:\/\/uccbarcelosnorte.online\/index.php\/wp-json\/wp\/v2\/pages\/72\/revisions"}],"predecessor-version":[{"id":101,"href":"https:\/\/uccbarcelosnorte.online\/index.php\/wp-json\/wp\/v2\/pages\/72\/revisions\/101"}],"wp:attachment":[{"href":"https:\/\/uccbarcelosnorte.online\/index.php\/wp-json\/wp\/v2\/media?parent=72"}],"curies":[{"name":"wp","href":"https:\/\/api.w.org\/{rel}","templated":true}]}}